hat is the units digit of i?
1
Let h be ((-5)/2 + 2)*-24. Let j = h + -10. Suppose -10 = -j*r + 12. What is the tens digit of r?
1
Suppose -3*f - f - j = -2907, -4*f - 3*j = -2905. What is the hundreds digit of f?
7
Let v(x) be the first derivative of x**3/3 - 7*x**2/2 + 28*x - 12. What is the tens digit of v(8)?
3
Let h(s) be the second derivative of -25*s**3/6 - 10*s. Let y be h(6). What is the tens digit of ((-8)/(-10))/((-5)/y)?
2
Suppose -21741 = -19*s - 3919. What is the units digit of s?
8
Suppose -2720 = -17*q + 12733. What is the tens digit of q?
0
Let d = -49 + 53. What is the units digit of (d/6)/(-2)*(-918)/6?
1
Suppose 2*c = 4*q - 3291 - 3771, 2*q - 3*c - 3521 = 0. What is the tens digit of (-3)/(54/4) - q/(-18)?
9
Let x = -42 + 46. Suppose -x*q + 372 = 5*n - 180, 0 = 5*q - 15. What is the units digit of n?
8
Let t(o) = -3*o + 6. Let h be t(6). Let z(y) = -y**2 - 13*y - 12. Let g be z(h). What is the tens digit of g + -1 - 60/(-2)?
2
Suppose -5*s + 615 + 9844 = -3*v, -s + 2*v = -2089. What is the units digit of s?
3
Suppose 1562 - 194 = 4*g. Let b = g + -217. What is the hundreds digit of b?
1
Let r(m) = 7*m - 22. Let b be r(6). Suppose z - b = -9*z. What is the units digit of z?
2
What is the hundreds digit of 12365/15 + 0 + (-2)/6?
8
Suppose 754 = -4*y - c, -5*y - 938 = -0*c - c. Let i = 167 + -294. Let g = i - y. What is the units digit of g?
1
Suppose 0 = 6*z - 0 - 36. Let u = z - 4. Suppose u*w = 2*m - 2*w - 30, -26 = -2*m + 5*w. What is the units digit of m?
3
Suppose -3*q - 135 = -8*q. Let m = -22 + q. Suppose -5*n + k + 199 = -k, 0 = -m*n - k + 193. What is the tens digit of n?
3
Let l = -288 - -139. Let r = l - -208. What is the tens digit of r?
5
Let v = 439 - 365. What is the units digit of v?
4
Let v = 20 + 218. What is the tens digit of v?
3
Let l be (2 - 0)/2 + -2. Let x(d) = -35*d - 1. What is the tens digit of x(l)?
3
Let s(u) = -u**3 + 24*u**2 + 43*u + 19. What is the tens digit of s(24)?
5
Suppose 23*u - 77970 = -7*u. What is the tens digit of u?
9
Suppose 0 = 2*x + 5*l - 8, 5*l - 8 + 4 = -x. Suppose x*z - 6*a + 2*a + 20 = 0, z + 17 = 4*a. What is the tens digit of 5/1*(1 - z)?
1
Let q(c) = c**3 - 2*c**2 + 9*c - 6. What is the tens digit of q(5)?
1
Let p = -3741 + 5644. What is the hundreds digit of p?
9
What is the hundreds digit of (-408928)/(-160) - (-2 + (-27)/(-15))?
5
Let t = -252 + 991. What is the tens digit of t?
3
Suppose 0 = -2*n + 3*n - 2. Let p = 7 + -5. Suppose 0 = -b + n + p. What is the units digit of b?
4
Let y be 2*(-9)/(-24) + 375/(-20). What is the tens digit of 12/y*318/(-4)?
5
Suppose -123 + 16 = -m. Let w = 133 + m. What is the hundreds digit of w?
2
Suppose 3*j + 0*j = 4*x + 2, -2 = 3*j - 2*x. Let b(f) = -15*f - 16. What is the units digit of b(j)?
4
Let p(o) = 4*o**2 - 16*o - 4. Let i(q) = 21*q**2 - 80*q - 21. Let c(n) = -2*i(n) + 11*p(n). What is the tens digit of c(11)?
6
Let d(v) = -v + 9. Let z be d(7). Let a(i) = i + 5*i**2 - 3 + 2*i**z + 0*i**2 - 4*i**2. What is the tens digit of a(-3)?
2
Let y(s) = -s**3 + 6*s**2 + 5*s + 6. Suppose 4*f + 9*f = 78. What is the tens digit of y(f)?
3
Let p(x) = x**2 + 3*x - 1. Let q be p(-4). Suppose -q*k - 29 = -119. What is the units digit of k?
0
Let i(r) = r**2 - 9*r + 10. Let w be i(7). Let a be 1/(-1*1/(-23)). Let d = a + w. What is the units digit of d?
9
Suppose 2*r - h + 2*h = 1, 0 = -3*r - h + 1. Let o = 14 + -11. Suppose y - 5*p = -2*y + 112, r = -2*y - o*p + 43. What is the tens digit of y?
2
Let f = -624 + 962. What is the units digit of f?
8
Let d = -121 - -367. What is the units digit of d?
6
Let x(c) = -2*c**2 + 8*c - 16. Let r(d) = -d**2 + 8*d - 15. Let w(q) = q. Let j be w(2). Let s(f) = j*x(f) - 3*r(f). What is the tens digit of s(-7)?
2
Let t(n) = 9*n**2 + 4*n + 1. Let l be t(2). Suppose -d + l = -89. What is the hundreds digit of d?
1
Let w(d) = d**2 + d + 1. Let k be w(-4). Let a = k + -10. What is the tens digit of 20 - ((-1 - a) + 1)?
2
What is the tens digit of (1655/(-3) + 1)*(-39)/26?
2
Suppose -6*i + 35 + 49 = 0. What is the tens digit of 8/(-3)*(-147)/i?
2
Suppose 0 = -5*t - 5*d + 1995, 4*t - 26 - 1562 = -2*d. Suppose -5*y + 115 - t = 0. Let n = 78 + y. What is the tens digit of n?
2
Let c = 31 + -29. Let u be 2*79/c - 3. Suppose -u - 50 = -3*w + 3*f, -5*w + 3*f = -216. What is the units digit of w?
5
Let b(i) = -122*i + 234. What is the hundreds digit of b(-7)?
0
Let c be 3 - (20/5)/4. Suppose l = -c*l + 447. What is the units digit of l?
9
Let s(j) = -j**3 - 2*j**2 + 299. Let k be s(0). Suppose 4*r - k - 141 = 3*f, -3*r + 4*f = -337. What is the units digit of r?
7
Suppose 72*y + 8 = 76*y. What is the tens digit of 7*(7 + y)*204/119?
0
Let y(l) = l**3 - 2*l + 3. Suppose -c = -6*c. Let u be y(c). Let q = 50 - u. What is the units digit of q?
7
Let u(y) = 2*y**3 - 21*y**2 + 7*y + 18. Let o be u(10). Let b(i) = -6*i - 1. What is the tens digit of b(o)?
7
Let y(r) = r**3 + 15*r**2 + 22*r + 17. What is the tens digit of y(-13)?
6
Let d = 558 - -2221. What is the units digit of d?
9
Suppose 3*b - 3*s = 54 + 171, 5*s - 164 = -2*b. Suppose -5*o = -b - 158. What is the units digit of o?
7
Let a(u) = -u**2 + 39. Suppose -2*q + 7*q = 0. Let k be a(q). Let f = -12 + k. What is the units digit of f?
7
Suppose -c + 5 = 4. Let w be (-20)/25*c*-25. What is the units digit of (-4)/w - 62/(-10)?
6
Let w be 8/(-2) - (-4 + 0). Suppose w*z = z - 448. Suppose -3*b = 4*b - z. What is the units digit of b?
4
Let s(x) = 3*x - 3. Let p(j) = -j - 1. Let t(m) = 6*p(m) + s(m). Let y(f) = f**2 - 16*f - 42. Let n be y(18). What is the units digit of t(n)?
9
Let w be (5 - 2) + -7 + 4. Let d(n) = n**3 - 2*n - 1. Let b be d(w). What is the units digit of b*-15*(-8)/(-12)?
0
Suppose 0 = -64*a + 19454 + 8834. What is the tens digit of a?
4
Let u(b) = -1510*b**3 - 2*b**2 - 2*b - 1. Let l be u(-1). Suppose l = 7*i - 374. What is the units digit of i?
9
Let a(b) = -b**3 - 7*b**2 + 12*b + 6. Let r be a(-9). Suppose -f + 6*f - r = 0. What is the units digit of f?
2
Let w(a) = 2*a**3 + a**2 + a + 1. Let p be w(-2). Let l = p - -15. Suppose 3*o + l*y - 30 = 0, 2*o - 4*y - y - 20 = 0. What is the tens digit of o?
1
Let o = 2753 - 394. What is the thousands digit of o?
2
Let w(a) = -a**3 + 7*a**2 + 20*a - 6. Let h be w(9). Suppose 7 - 2131 = -h*t. What is the hundreds digit of t?
1
Suppose 9*x - 397 - 323 = 0. What is the tens digit of x?
8
What is the hundreds digit of 814/(-1 - (-6 + 3))?
4
Let j = -123 + 74. What is the tens digit of j*1/(14/(-4))?
1
Let k = 140 + -138. Suppose -4*z + 856 = -0*z - c, k*z + c = 434. What is the tens digit of z?
1
Suppose -t + 4*z + 5 = 0, -3*t - 1 = 5*z - 16. Suppose 3*u = -k - k - 84, u - t*k + 45 = 0. Let y = u - -54. What is the units digit of y?
4
Let b(z) = 4*z**2 + 11*z - 126. What is the units digit of b(-15)?
9
Suppose -2774 = -4*n + 2*z, 3*n = -4*z + 8*z + 2068. What is the tens digit of n?
9
Let m = 601 + -137. What is the hundreds digit of m?
4
Let d = -26 - -33. What is the tens digit of (-27)/2*(d - 9)?
2
Let l be (1/((-4)/(-54)))/((-7)/(-42)). Suppose 0 = 4*p - 445 + l. What is the units digit of p?
1
Suppose 10968 + 3167 = 11*a. What is the tens digit of a?
8
Suppose 179 = 5*o + 114. Let n(y) = 26*y - 58. What is the tens digit of n(o)?
8
What is the tens digit of (-17)/(-68) + ((-23865)/12)/(-5)?
9
What is the tens digit of -2 - 698/(-1 - 1)?
4
Let a be (-11 + 23)*(-2)/(-4). Let v be (-7)/(21/a) + 2. Let f(y) = -y**3 + y**2 + y + 20. What is the units digit of f(v)?
0
Let y = -633 - -1236. Suppose 9*a - 6*a = y. What is the tens digit of a?
0
Suppose 3 = -3*h - 12. Let a = -2 - h. Suppose 76 = 2*k - 2*s, 2*k - a*k = 5*s - 32. What is the tens digit of k?
3
Let w(u) = -u**3 + 1. Let y(b) = -7*b**3 - 7*b**2 + 11*b + 16. Suppose 3*a = 23 - 5. Let f(s) = a*w(s) - y(s). What is the units digit of f(-8)?
4
Let t(b) = -b**2 + 6*b - 2. Let o be t(5). Suppose 69 = o*r + 15. Let p = r - 9. What is the units digit of p?
9
Let y(i) = i - 2. Let c be y(4). Suppose 151 + 87 = c*x. What is the hundreds digit of x?
1
Let s be -426*(28/(-6))/(-7). What is the tens digit of (2 - 7/14)*s/(-6)?
7
Let s = 48 + -30. What is the units digit of s*((-25)/(-10) - 2)?
9
Let u(x) = x**2 - 5*x + 23. Suppose 5*l + 45 = 4*c, -2*c + 4 = -2*